 43, 5787827
What are the prime factors of 13746066?
2, 3, 1153, 1987
List the prime factors of 518307160.
2, 5, 7, 1851097
List the prime factors of 54219606.
2, 3, 7, 61, 21163
What are the prime factors of 20254272?
2, 3, 105491
What are the prime factors of 3657209967?
3, 23, 157, 37511
List the prime factors of 3210890122.
2, 11, 13268141
List the prime factors of 78426732.
2, 3, 6535561
What are the prime factors of 7323954107?
41, 178633027
What are the prime factors of 140708232?
2, 3, 7, 29, 3209
What are the prime factors of 350560968?
2, 3, 47, 310781
What are the prime factors of 10770872?
2, 7, 19, 53, 191
What are the prime factors of 265140595?
5, 83, 638893
What are the prime factors of 45971219?
7, 1291, 5087
List the prime factors of 394890023.
11, 1559, 23027
List the prime factors of 1492227840.
2, 3, 5, 79, 4919
What are the prime factors of 376290104?
2, 17, 859, 3221
What are the prime factors of 85871226?
2, 3, 7, 292079
What are the prime factors of 1785927546?
2, 3, 13, 31, 191, 1289
List the prime factors of 634032211.
634032211
List the prime factors of 362815327.
7, 83, 624467
List the prime factors of 1072676629.
47, 22822907
What are the prime factors of 272390940?
2, 3, 5, 101, 14983
List the prime factors of 2330922437.
1823, 1278619
List the prime factors of 222759413.
227, 981319
What are the prime factors of 980838557?
43, 22810199
What are the prime factors of 2322532?
2, 580633
List the prime factors of 25805083.
107, 241169
List the prime factors of 168998912.
2, 179, 461
List the prime factors of 41060888.
2, 11, 23, 20287
List the prime factors of 43627360.
2, 5, 7, 38953
List the prime factors of 398581671.
3, 277, 293, 1637
What are the prime factors of 167550532?
2, 43, 251, 3881
What are the prime factors of 719992082?
2, 359996041
List the prime factors of 13796365.
5, 11, 71, 3533
List the prime factors of 18981386.
2, 89, 106637
What are the prime factors of 44227276?
2, 11056819
List the prime factors of 43690065.
3, 5, 571, 5101
List the prime factors of 1385033649.
3, 29, 548963
What are the prime factors of 2439891517?
7, 19, 53, 346133
List the prime factors of 449621183.
11, 40874653
What are the prime factors of 138233988?
2, 3, 3839833
What are the prime factors of 40853984?
2, 1276687
List the prime factors of 687501740.
2, 5, 23, 67, 22307
List the prime factors of 137939393.
137939393
List the prime factors of 129446698.
2, 113, 419, 1367
List the prime factors of 584570694.
2, 3, 97, 313, 3209
List the prime factors of 1300555728.
2, 3, 9031637
List the prime factors of 548994205.
5, 61, 433, 4157
List the prime factors of 2382026409.
3, 7, 19, 43, 46279
List the prime factors of 155312891.
155312891
What are the prime factors of 19464149?
2801, 6949
What are the prime factors of 46211962?
2, 23105981
List the prime factors of 7997466010.
2, 5, 29, 37, 745337
What are the prime factors of 56383182?
2, 3, 1044133
List the prime factors of 125998179.
3, 41999393
List the prime factors of 590910307.
13, 45454639
List the prime factors of 1044999952.
2, 65312497
List the prime factors of 22040107.
22040107
List the prime factors of 496596063.
3, 103, 1607107
What are the prime factors of 10271225?
5, 23, 17863
List the prime factors of 44837903.
11, 1279, 3187
What are the prime factors of 1275806888?
2, 17, 9380933
What are the prime factors of 5808984798?
2, 3, 19, 151, 337457
List the prime factors of 24281609.
11, 643, 3433
List the prime factors of 29944823.
83, 360781
List the prime factors of 443193404.
2, 110798351
What are the prime factors of 23884319?
47, 613, 829
List the prime factors of 258293079.
3, 11, 2609021
List the prime factors of 118276335.
3, 5, 876121
What are the prime factors of 306613059?
3, 102204353
What are the prime factors of 143863300?
2, 5, 7, 205519
List the prime factors of 1035576545.
5, 31, 6681139
What are the prime factors of 87457777?
11, 7950707
List the prime factors of 5076495900.
2, 3, 5, 7, 277, 2909
List the prime factors of 137795304.
2, 3, 379, 15149
What are the prime factors of 313853500?
2, 5, 151, 4157
List the prime factors of 2240754351.
3, 11, 1259, 4903
List the prime factors of 2034315115.
5, 7, 17, 293, 1667
List the prime factors of 25416757.
25416757
What are the prime factors of 665902685?
5, 7, 19025791
List the prime factors of 65412268.
2, 16353067
List the prime factors of 675667452.
2, 3, 56305621
List the prime factors of 274022828.
2, 23, 709, 4201
List the prime factors of 74140637.
37, 2003801
List the prime factors of 419810673.
3, 241, 337, 1723
What are the prime factors of 55735410?
2, 3, 5, 173, 10739
What are the prime factors of 4751184200?
2, 5, 7, 3393703
What are the prime factors of 69903894?
2, 3, 11650649
List the prime factors of 165781581.
3, 7, 557, 14173
List the prime factors of 315850558.
2, 61, 317, 8167
What are the prime factors of 74107654?
2, 1049, 35323
What are the prime factors of 24285034?
2, 12142517
List the prime factors of 84371756.
2, 7, 3013277
List the prime factors of 17767103.
113, 157231
List the prime factors of 7738082430.
2, 3, 5, 13, 661, 2309
What are the prime factors of 332798033?
131, 2540443
List the prime factors of 938502389.
11, 463, 184273
List the prime factors of 23908906.
2, 7, 1707779
List the prime factors of 3886720118.
2, 6637, 292807
What are the prime factors of 331593670?
2, 5, 17, 31, 62921
List the prime factors of 1384485785.
5, 199, 971, 1433
What are the prime factors of 234035881?
234035881
List the prime factors of 625472.
2, 29, 337
List the prime factors of 1071503.
397, 2699
List the prime factors of 102489351.
3, 34163117
List the prime factors of 545344736.
2, 17042023
What are the prime factors of 511739149?
47, 231661
List the prime factors of 314096725.
5, 43, 292183
List the prime factors of 6927431582.
2, 3463715791
List the prime factors of 54413250.
2, 3, 5, 72551
List the prime factors of 738049211.
1381, 534431
List the prime factors of 125938180.
2, 5, 2083, 3023
What are the prime factors of 1198890407?
11, 13, 2357, 3557
List the prime factors of 61192466.
2, 23, 101, 13171
List the prime factors of 204690634.
2, 157, 651881
List the prime factors of 2821671376.
2, 176354461
What are the prime factors of 233009065?
5, 19, 73, 33599
What are the prime factors of 207123437?
207123437
What are the prime factors of 460537939?
17, 199, 136133
What are the prime factors of 78254813?
7, 13, 122849
List the prime factors of 678717806.
2, 13, 5023, 5197
List the prime factors of 377625670.
2, 5, 37762567
List the prime factors of 594332919.
3, 66036991
List the prime factors of 2442390.
2, 3, 5, 17, 4789
List the prime factors of 1189433.
7, 169919
What are the prime factors of 3257410935?
3, 5, 29, 127, 58963
What are the prime factors of 758602351?
13, 769, 75883
What are the prime factors of 344266994?
2, 103, 1671199
What are the prime factors of 4078779854?
2, 443, 4603589
List the prime factors of 581661845.
5, 29, 499, 8039
What are the prime factors of 69926951?
601, 116351
List the prime factors of 1931411078.
2, 29, 73, 456167
List the prime factors of 1381630207.
101, 617, 22171
What are the prime factors of 1138332515?
5, 563, 404381
What are the prime factors of 171676209?
3, 23, 2488061
What are the prime factors of 321589135?
5, 7, 1973, 4657
What are the prime factors of 251577044?
2, 193, 325877
What are the prime factors of 149050938?
2, 3, 61, 449, 907
What are the prime factors of 23430659?
7, 1487, 2251
What are the prime factors of 2432173688?
2, 7, 37, 1173829
What are the prime factors of 66002841?
3, 79, 92831
What are the prime factors of 43313006?
2, 11, 1968773
List the prime factors of 33274179.
3, 1232377
What are the prime factors of 85156612?
2, 21289153
What are the prime factors of 65389398?
2, 3, 223, 48871
List the prime factors of 853397324.
2, 13, 16411487
What are the prime factors of 875700117?
3, 43, 67, 33773
What are the prime factors of 5796834074?
2, 2898417037
What are the prime factors of 197620563?
3, 7, 17, 73, 7583
What are the prime factors of 128817729?
3, 2099, 2273
List the prime factors of 545799236.
2, 136449809
List the prime factors of 34444973.
359, 95947
List the prime factors of 